 s = m - 15. Let i(d) = -d**3 - 6*d**2 - 4*d + 7. Calculate i(s).
2
Let v(y) = -3*y + 9. Let s(f) = -2*f. Let w be s(-2). Let p(r) = -8*r + 26. Let u(j) = w*p(j) - 11*v(j). What is u(-4)?
1
Let w be 2/(-5) - 12/(-5). Suppose -w*v + 18 = v. Let n(a) = -a. What is n(v)?
-6
Suppose 4*m + 4*p = -0*p - 4, -m = 4*p + 10. Let x(r) = 2*r**3 + 3 - m - r + r. Determine x(1).
3
Let h(p) = p**2 - 6*p + 1. Suppose -y - 10 = -3*y. Suppose -b - y = -2*b. Determine h(b).
-4
Let d = 1 + 6. Suppose 0 = -5*j + w + 31, -6*w = j - w - 1. Let f = j - d. Let s(m) = -2*m**2 + m. What is s(f)?
-3
Let q(f) = f. Let t be 1/(-4) + 58/8. Let m = 92 + -89. Suppose -t = -m*a + 2. Give q(a).
3
Let x(s) = -s**2 + s + 4. Let d(u) = -u**3 - 9*u**2 - 12*u - 12. Let h be d(-8). Let z = 23 - h. What is x(z)?
-2
Let c(z) = -z**3 + 7*z**2 - 3*z - 5. Suppose -2*y + 12 = -0*y. Give c(y).
13
Let m(i) = -2*i + 9. Let y be (-3)/(6/10) + 12. Give m(y).
-5
Let j(m) = m - 1. Let z(d) = d**2 + d - 11. Let r(o) = 5*j(o) - z(o). Give r(6).
-6
Let x(o) = -o + 1. Suppose 3*d + 3*m = -2*m - 6, 0 = -5*m - 15. Determine x(d).
-2
Let j(f) = -2*f + 6. Suppose -w - 5*n - 3 + 13 = 0, -n + 2 = -2*w. Suppose y - 3*y + 10 = w. Let m be y*(-2)/4*-2. Give j(m).
-4
Suppose 4*l - 11 = -3. Let j be (-1*1)/(l/(-6)). Let n(a) = -4 + 2 + j + a. Determine n(-5).
-4
Let s(u) = -u**2 + 5*u + 6. Let a(q) = q**3 + 15*q**2 - 15*q + 22. Let r be a(-16). Determine s(r).
0
Let k = 3 + -6. Let u be (-1 - (-2)/2)/(-2). Let l(o) = 4*o + o**2 + u*o**2 - 9 + 10. Determine l(k).
-2
Let d(c) be the third derivative of c**4/24 - 3*c**3/2 + 3*c**2. Determine d(0).
-9
Let g(o) = -4*o + 1. Let r be ((-4)/8)/((-1)/6). Suppose -1 - 1 = -h. Suppose -2*q - 2*d + 5 = 1, -h*q - r*d + 7 = 0. Calculate g(q).
5
Suppose 2*f = 6*f. Let b(v) = v**2 - 5. Let x be b(f). Let j(d) = -d + 7. Give j(x).
12
Let q(v) = v + 3. Let c be q(0). Let h(t) = 3*t + t**3 - 3*t**2 - 3 + 0*t**2 + 2*t - 2*t**2. Calculate h(c).
-6
Suppose 0 = -3*v - 2*o + 11, -4*v - o = -3*o - 24. Let k(x) = x**2 - 3*x - 2. Give k(v).
8
Let y(g) = -g**3 - 4*g**2 - 4*g - 1. Let f be y(-3). Let o = 0 - f. Let h be o*((-3)/(-1) + -2). Let z(d) = d**2 + 3*d. Give z(h).
-2
Let u be (-1)/(-9)*((-1365)/56)/(-13). Let i(m) be the third derivative of 0*m - u*m**4 - 2*m**2 + 1/60*m**5 + 2/3*m**3 + 0. Calculate i(3).
-2
Let i(v) = -v**3 - 8*v**2 - v - 11. Let b be (6/15)/((-4)/80). Determine i(b).
-3
Let b be (-14)/(-8) + 2/8. Let h(z) = 4*z - z**3 + 0*z - 2*z**b + 0*z**3. Suppose 3*o + 4 = -5. What is h(o)?
-3
Let o = 44 + -47. Let a(z) = -z**2 + z + 3. Determine a(o).
-9
Let w = 5 + -1. Let d be 54/(-8) + w/(-16). Let v(o) = -2*o - 9. Calculate v(d).
5
Let s(v) be the first derivative of v**3/3 - 4*v**2 + 6*v - 9. What is s(6)?
-6
Let k = 11 + -9. Suppose -k = -c - 0. Let j(m) = 4 + m**2 - 3*m + 3 - 6. Give j(c).
-1
Let u be (-42)/(-3) + (2 - 4). Suppose -23 = 5*b - 2*h, 0*b + 3*h - u = 3*b. Let k(w) = w + 1. Give k(b).
-4
Let r = 9 - 7. Let k(q) be the third derivative of 0*q - 3*q**r - q**3 + 0 - 1/12*q**4. Give k(-4).
2
Let k(l) be the third derivative of 0 - 1/2*l**3 + 0*l + 1/120*l**6 + 3*l**2 - 1/12*l**5 + 1/24*l**4. What is k(5)?
2
Suppose 0*v - v = -5*v. Let o(x) be the third derivative of -1/24*x**4 + 0*x + v - 1/60*x**5 + 1/6*x**3 + x**2 + 1/30*x**6. Determine o(1).
3
Let r(k) = k**2 - 5*k - 1. Let u = -8 + 14. Let w be r(u). Let s(n) = 15*n**2 + 5*n - 10. Let v(z) = 7*z**2 + 2*z - 5. Let j(y) = 6*s(y) - 13*v(y). Give j(w).
0
Let d(b) be the third derivative of -1/2*b**3 + 0 - 8*b**2 + 1/24*b**4 + 0*b. Calculate d(3).
0
Let r(z) = -3*z**2 - 7*z + 1. Let h(l) = 2*l**2 + 6*l - 1. Let t(m) = m**2 - 5*m + 6. Let c be t(5). Let j(g) = c*h(g) + 5*r(g). Calculate j(1).
-3
Suppose 1 = -2*c + 7. Suppose -2*j + 4 = -c*j. Let n(d) = 0 - 3 - 3 - 6*d - d**2. Calculate n(j).
2
Let f(d) be the first derivative of -d**4/4 - d**3 - d**2 - 4. Calculate f(-3).
6
Let t = 15 + -31. Let l = t - -15. Let r(i) = -4*i**2 - 3*i - 3. Let h(p) = 6*p**2 + 5*p + 5. Let z(m) = -5*h(m) - 8*r(m). Give z(l).
2
Let p(t) = 8*t + 4 - 2 - 3 - t**2. What is p(7)?
6
Suppose 2*p = -0*p - 4*n - 10, 0 = -3*p + 4*n - 25. Let l(g) = g**2 + 7*g. Let i be l(p). Let c(d) = d**2 + 1. Determine c(i).
1
Let l(j) = 11*j - 3*j - 6*j - 13*j. Calculate l(-2).
22
Let b(c) be the first derivative of -2*c**2 + c + 2. Let q = -1 - -4. Suppose q*h - 2 = s, -3*h = 5*s + 18 + 10. Calculate b(h).
5
Let o(z) = -3*z - 3. Suppose 2*w = -3*q - 2 + 1, 5*q = -4*w - 1. Let j be (-3)/(0 + q + 2). Determine o(j).
6
Let j(n) = -5*n**3 - 2*n**2 - n. Let h = 10 + -6. Suppose u = -h*u - 5. Determine j(u).
4
Let j = 4 - 2. Let q(s) = s - s**2 + j + s**2 + s**2 - 2*s. Let w = 0 - -2. Determine q(w).
4
Let b(c) be the third derivative of -c**7/2520 + c**6/144 - 7*c**5/120 + c**4/4 + 3*c**2. Let h(l) be the second derivative of b(l). Let p = 12 + -7. Give h(p).
-7
Let s(p) be the third derivative of p**6/120 + p**5/20 - p**4/24 - 2*p**3/3 - p**2 - 18. What is s(-3)?
-1
Let q(r) be the second derivative of r**4/2 + r**2/2 - 24*r. What is q(-1)?
7
Let c(d) be the second derivative of d**3/3 - d**2/2 - d. Let m be ((-16)/(-8))/(2/6). Suppose -t = -m + 3. What is c(t)?
5
Let g(n) = n**3 + 8*n**2 - n - 1. Let d = 3 + -11. Give g(d).
7
Let j(c) = -c**3 - 3*c**2. Let t be 3 - ((-1 - -3) + -3). Let u be (3/5)/(t/(-20)). Calculate j(u).
0
Suppose 3*m + 8 - 20 = 0. Let n(h) = m*h - 2*h + h - 2*h. What is n(-3)?
-3
Let a(c) = -c**3 + c**2 - c + 8. Let n = -5 + 8. Suppose -q = -n*q. Calculate a(q).
8
Let r = -1 + 7. Let s(w) = w**2 - 6*w + 5. What is s(r)?
5
Suppose 7*h - 4*h + 4*y - 15 = 0, 0 = -y + 3. Suppose 4*i + 0*j = 2*j + 22, 5*i + j - 17 = 0. Let z(l) = 2 + i*l**2 + 2 - 3. Give z(h).
5
Let f(t) = -6 - 4*t + 3*t - t + 4*t. Calculate f(6).
6
Let n(a) = 16*a - 2. Let g(r) = -24*r + 3. Let b(u) = -5*g(u) - 7*n(u). Suppose -z = -5*y + 4, 5*z + y + 3*y = 9. What is b(z)?
7
Let h be (2/(-3))/((-2)/3). Let x(b) = -2*b**3 + 5*b**2 - 3*b - 2. Let y(q) = q**3 - q**2. Let p(z) = h*x(z) + 3*y(z). Give p(-3).
-2
Let t(a) = 3*a**2 + a. Let b(p) = -3*p**2 - p. Suppose -2*q = -3*q + 2. Let v be -4 + 5 + -2 + 4. Let z(g) = q*b(g) + v*t(g). What is z(-1)?
2
Let i be (-2)/(-10) + 46/(-5). Let h = 13 + i. Let z(q) = -4*q + 4. Let y(u) = 5*u - 4. Let g(w) = -5*y(w) - 6*z(w). Calculate g(h).
-8
Let d(n) = 6*n**2 - 3*n + 5. Let y(r) = 7*r**2 - 4*r + 6. Let g(t) = 6*d(t) - 5*y(t). Give g(-2).
0
Let h = 0 + 2. Let y(z) = -z**3 + 2*z - 1. Determine y(h).
-5
Let l(i) be the second derivative of 0 - 9*i - 1/6*i**4 + 1/2*i**3 - 1/2*i**2. Give l(2).
-3
Let w(y) be the third derivative of y**4/24 - 7*y**3/6 - y**2. Let z(v) = -4*v. Let o be z(-1). What is w(o)?
-3
Let p be (-2 - -2 - -3)*1. Let y be -3 + 0 - (-1 + p). Let h(j) be the second derivative of -j**5/20 - 5*j**4/12 - j**3/6 - 7*j**2/2 + 5*j. What is h(y)?
-2
Let g(t) be the third derivative of -t**5/60 + t**4/24 + t**3/6 + t**2. Let j be -5*(2 - 9/3). Suppose 5*p - 2*q - j = 3*q, -q + 2 = 0. What is g(p)?
-5
Suppose 17 = -4*w + 1. Let n be 8 + w + -1 + -2. Let c(j) = 4*j**3 + 2*j**2 - 2*j + 1. Determine c(n).
5
Suppose 42*v - 7 = 41*v. Let q(f) = f + 5. What is q(v)?
12
Suppose 20*w - 12 = 26*w. Let m(b) = -b**3 - 2*b**2 + 2*b. What is m(w)?
-4
Let m(x) = -3*x - 2. Let z(v) = -13*v + 5. Let t be z(2). Let q(b) = 10*b + 6. Let a(n) = t*m(n) - 6*q(n). What is a(-4)?
-6
Let k = 362 + -363. Let b(d) be the first derivative of -2*d**2 - 1. Give b(k).
4
Let f(d) = d - 9. Let l(a) = -2*a + 9. Let n(y) = 4*f(y) + 3*l(y). Calculate n(-6).
3
Suppose 8 = 4*s - 4. Let h(m) = -m**3 - m**2 + 1. Suppose k + 3 = -3. Let f(i) = 7*i**3 + 3*i**2 - 9. Let d(y) = k*h(y) - f(y). Calculate d(s).
3
Let w(g) = g**2 + 2*g - 1. Let z be w(-3). Let o(i) = i - 1. Let p be o(4). Let v be -1 + p + 0 + z. Let a(l) = l**3 - 3*l**2 - 2*l - 2. Calculate a(v).
6
Let b(l) be the second derivative of -1/6*l**3 + 3*l - 1/2*l**2 - 5/12*l**4 + 0. Give b(-1).
-5
Let r(x) = -x**3 - 6*x**2 + 6*x - 8. Suppose 2*l - 4*i = -39 + 5, 0 = l + i + 2. Let n be r(l). Let b(c) = -9*c - 1. Determine b(n).
8
Let r(b) = 4 - b - 3 - 3. Suppose 0 = -3*n + 2*z + 8, -z - 8 = 2*n + z. Suppose 21*o - 16*o = n. Calculate r(o).
-2
Let s(h) = h**3 - 8*h**2 + 10*h - 15. Let t be s(7). Let d(y) =